n 925 is divided by 58.
55
Calculate the remainder when 216 is divided by 21.
6
What is the remainder when 131 is divided by 15?
11
What is the remainder when 49 is divided by 11?
5
Calculate the remainder when 70 is divided by 18.
16
What is the remainder when 35571 is divided by 147?
144
What is the remainder when 208 is divided by 30?
28
Calculate the remainder when 241 is divided by 73.
22
What is the remainder when 3597 is divided by 15?
12
What is the remainder when 1627 is divided by 148?
147
What is the remainder when 222 is divided by 47?
34
Calculate the remainder when 121 is divided by 18.
13
What is the remainder when 5154 is divided by 1283?
22
Calculate the remainder when 7009 is divided by 41.
39
Calculate the remainder when 213 is divided by 12.
9
Calculate the remainder when 104 is divided by 6.
2
What is the remainder when 388 is divided by 49?
45
What is the remainder when 1799 is divided by 95?
89
What is the remainder when 957 is divided by 40?
37
What is the remainder when 212 is divided by 5?
2
Calculate the remainder when 153 is divided by 18.
9
Calculate the remainder when 114 is divided by 6.
0
What is the remainder when 372 is divided by 123?
3
What is the remainder when 775 is divided by 20?
15
What is the remainder when 2747 is divided by 11?
8
What is the remainder when 1279 is divided by 400?
79
What is the remainder when 395 is divided by 18?
17
What is the remainder when 421 is divided by 72?
61
Calculate the remainder when 857 is divided by 43.
40
Calculate the remainder when 1152 is divided by 35.
32
Calculate the remainder when 34 is divided by 24.
10
What is the remainder when 922 is divided by 55?
42
Calculate the remainder when 431 is divided by 88.
79
Calculate the remainder when 26 is divided by 10.
6
Calculate the remainder when 123 is divided by 28.
11
What is the remainder when 829 is divided by 691?
138
What is the remainder when 430 is divided by 206?
18
What is the remainder when 9 is divided by 2?
1
What is the remainder when 723 is divided by 10?
3
What is the remainder when 414 is divided by 26?
24
Calculate the remainder when 23 is divided by 12.
11
What is the remainder when 4649 is divided by 93?
92
Calculate the remainder when 376 is divided by 76.
72
What is the remainder when 7144 is divided by 6?
4
Calculate the remainder when 163 is divided by 7.
2
What is the remainder when 544 is divided by 189?
166
What is the remainder when 358 is divided by 6?
4
What is the remainder when 520 is divided by 6?
4
Calculate the remainder when 853 is divided by 8.
5
Calculate the remainder when 7558 is divided by 20.
18
What is the remainder when 435 is divided by 152?
131
What is the remainder when 45 is divided by 18?
9
What is the remainder when 718 is divided by 718?
0
What is the remainder when 645 is divided by 12?
9
What is the remainder when 53 is divided by 29?
24
Calculate the remainder when 221 is divided by 74.
73
What is the remainder when 7 is divided by 1?
0
Calculate the remainder when 13805 is divided by 234.
233
Calculate the remainder when 152 is divided by 23.
14
Calculate the remainder when 1005 is divided by 117.
69
What is the remainder when 3743 is divided by 1243?
14
What is the remainder when 16 is divided by 7?
2
What is the remainder when 210 is divided by 71?
68
Calculate the remainder when 7758 is divided by 40.
38
Calculate the remainder when 16 is divided by 10.
6
Calculate the remainder when 503 is divided by 63.
62
Calculate the remainder when 790 is divided by 69.
31
What is the remainder when 11069 is divided by 173?
170
Calculate the remainder when 221 is divided by 69.
14
Calculate the remainder when 233 is divided by 59.
56
Calculate the remainder when 4092 is divided by 21.
18
What is the remainder when 157 is divided by 80?
77
Calculate the remainder when 426 is divided by 114.
84
Calculate the remainder when 676 is divided by 136.
132
Calculate the remainder when 2736 is divided by 137.
133
What is the remainder when 150 is divided by 26?
20
What is the remainder when 1542 is divided by 257?
0
What is the remainder when 101 is divided by 8?
5
Calculate the remainder when 41410 is divided by 203.
201
What is the remainder when 189 is divided by 30?
9
What is the remainder when 398 is divided by 47?
22
What is the remainder when 28 is divided by 17?
11
What is the remainder when 54 is divided by 12?
6
Calculate the remainder when 722 is divided by 52.
46
What is the remainder when 875 is divided by 52?
43
Calculate the remainder when 383 is divided by 8.
7
What is the remainder when 604 is divided by 38?
34
What is the remainder when 152 is divided by 17?
16
What is the remainder when 34 is divided by 25?
9
What is the remainder when 523 is divided by 74?
5
What is the remainder when 285 is divided by 17?
13
Calculate the remainder when 310 is divided by 6.
4
What is the remainder when 568 is divided by 10?
8
Calculate the remainder when 79 is divided by 13.
1
What is the remainder when 60 is divided by 20?
0
What is the remainder when 131 is divided by 36?
23
What is the remainder when 759 is divided by 140?
59
What is the remainder when 191 is divided by 16?
15
What is the remainder when 394 is divided by 75?
19
Calculate the remainder when 373 is divided by 72.
13
What is the remainder when 106 is divided by 21?
1
What is the remainder when 1487 is divided by 739?
9
Calculate the remainder when 11170 is divided by 133.
131
Calculate the remainder when 44 is divided by 4.
0
Calculate the remainder when 325 is divided by 6.
1
Calculate the remainder when 605 is divided by 198.
11
Calculate the remainder when 217 is divided by 32.
25
Calculate the remainder when 9 is divided by 2.
1
Calculate the remainder when 38 is divided by 17.
4
Calculate the remainder when 541 is divided by 34.
31
Calculate the remainder when 797 is divided by 21.
20
What is the remainder when 462 is divided by 114?
6
Calculate the remainder when 322 is divided by 17.
16
What is the remainder when 2393 is divided by 133?
132
Calculate the remainder when 8598 is divided by 187.
183
What is the remainder when 9544 is divided by 115?
114
Calculate the remainder when 52 is divided by 37.
15
Calculate the remainder when 2129 is divided by 238.
225
Calculate the remainder when 193 is divided by 128.
65
What is the remainder when 368 is divided by 111?
35
Calculate the remainder when 67 is divided by 23.
21
What is the remainder when 796 is divided by 73?
66
What is the remainder when 57 is divided by 35?
22
Calculate the remainder when 169 is divided by 29.
24
Calculate the remainder when 320 is divided by 123.
74
What is the remainder when 52 is divided by 23?
6
Calculate the remainder when 205 is divided by 35.
30
What is the remainder when 54 is divided by 5?
4
What is the remainder when 128 is divided by 64?
0
Calculate the remainder when 1350 is divided by 648.
54
What is the remainder when 177 is divided by 18?
15
Calculate the remainder when 452 is divided by 65.
62
Calculate the remainder when 280 is divided by 43.
22
Calculate the remainder when 250 is divided by 74.
28
Calculate the remainder when 541 is divided by 3.
1
What is the remainder when 65 is divided by 25?
15
Calculate the remainder when 162 is divided by 45.
27
What is the remainder when 501 is divided by 12?
9
What is the remainder when 737 is divided by 20?
17
Calculate the remainder when 989 is divided by 33.
32
What is the remainder when 7746 is divided by 41?
38
Calculate the remainder when 144 is divided by 43.
15
What is the remainder when 236 is divided by 215?
21
What is the remainder when 1105 is divided by 85?
0
Calculate the remainder when 4509 is divided by 32.
29
What is the remainder when 41 is divided by 35?
6
What is the remainder when 742 is divided by 22?
16
What is the remainder when 277 is divided by 70?
67
What is the remainder when 154 is divided by 40?
34
Calculate the remainder when 22 is divided by 11.
0
What is the remainder when 135 is divided by 23?
20
What is the remainder when 23 is divided by 16?
7
What is the remainder when 279 is divided by 121?
37
Calculate the remainder when 887 is divided by 7.
5
What is the remainder when 267 is divided by 27?
24
What is the remainder when 155 is di